{"id":31,"date":"2021-01-19T15:39:48","date_gmt":"2021-01-19T15:39:48","guid":{"rendered":"http:\/\/2021.schwarzer-adler-heiligenstadt.de\/?page_id=31"},"modified":"2023-08-01T11:49:20","modified_gmt":"2023-08-01T11:49:20","slug":"veto-bar","status":"publish","type":"page","link":"https:\/\/schwarzer-adler-heiligenstadt.de\/?page_id=31","title":{"rendered":"Veto Bar"},"content":{"rendered":"\n<figure class=\"wp-block-image size-large\"><img data-recalc-dims=\"1\" loading=\"lazy\" decoding=\"async\" width=\"1000\" height=\"288\" src=\"https:\/\/i0.wp.com\/schwarzer-adler-heiligenstadt.de\/wp-content\/uploads\/2021\/01\/cropped-header.jpg?resize=1000%2C288&#038;ssl=1\" alt=\"\" class=\"wp-image-124\" srcset=\"https:\/\/i0.wp.com\/schwarzer-adler-heiligenstadt.de\/wp-content\/uploads\/2021\/01\/cropped-header.jpg?w=1000&amp;ssl=1 1000w, https:\/\/i0.wp.com\/schwarzer-adler-heiligenstadt.de\/wp-content\/uploads\/2021\/01\/cropped-header.jpg?resize=300%2C86&amp;ssl=1 300w, https:\/\/i0.wp.com\/schwarzer-adler-heiligenstadt.de\/wp-content\/uploads\/2021\/01\/cropped-header.jpg?resize=768%2C221&amp;ssl=1 768w, https:\/\/i0.wp.com\/schwarzer-adler-heiligenstadt.de\/wp-content\/uploads\/2021\/01\/cropped-header.jpg?resize=500%2C144&amp;ssl=1 500w\" sizes=\"auto, (max-width: 1000px) 100vw, 1000px\" \/><\/figure>\n\n\n\n<p class=\"has-text-color has-background\" style=\"color:#f6ea68;background-color:#795706\">Unsere Veto Bar , das Glanzst\u00fcck vom Schwarzen Adler.<\/p>\n\n\n\n<p class=\"has-text-color has-background\" style=\"color:#f6ea68;background-color:#795706\">Eine Bar zum entspannen, geniessen, und vor allem ein Platz um einen sch\u00f6nen Abend zu verbringen.<\/p>\n\n\n\n<p class=\"has-text-color has-background\" style=\"color:#f6ea68;background-color:#795706\">Thomas zeigt Ihnen eine Auswahl an hochrangigen Spirituosen sowohl eine wundervolle Welt der Cocktails. Er macht nicht nur die Getr\u00e4nke , sondern all sein Herzblut steckt in dieser Bar, wo er alles mit eigenen H\u00e4nden gefertigt hat von den W\u00e4nden, den B\u00e4nken der Theke&#8230;<\/p>\n\n\n\n<p class=\"has-text-color has-background\" style=\"color:#f6ea68;background-color:#795706\">Hier gibt es zwar kein Bier von Fass doch regionales Veto Bier aus der Flasche und viele kreative Kreationen von unserem Thomas.<\/p>\n\n\n\n<p class=\"has-text-color has-background\" style=\"color:#f6ea68;background-color:#795706\">Wenn die Zeit wieder im Normalzustand ist, m\u00f6chten wir nicht nur Freitag und Samstag den Barbetrieb am laufen haben, sondern auch f\u00fcr Sie verschiedene Tastings und Cocktailkurse anbieten.<\/p>\n\n\n\n<figure class=\"wp-block-image size-large\"><img data-recalc-dims=\"1\" loading=\"lazy\" decoding=\"async\" width=\"1024\" height=\"678\" src=\"https:\/\/i0.wp.com\/schwarzer-adler-heiligenstadt.de\/wp-content\/uploads\/2021\/01\/DSC_0211.jpg?resize=1024%2C678&#038;ssl=1\" alt=\"\" class=\"wp-image-225\" srcset=\"https:\/\/i0.wp.com\/schwarzer-adler-heiligenstadt.de\/wp-content\/uploads\/2021\/01\/DSC_0211-scaled.jpg?resize=1024%2C678&amp;ssl=1 1024w, https:\/\/i0.wp.com\/schwarzer-adler-heiligenstadt.de\/wp-content\/uploads\/2021\/01\/DSC_0211-scaled.jpg?resize=300%2C199&amp;ssl=1 300w, https:\/\/i0.wp.com\/schwarzer-adler-heiligenstadt.de\/wp-content\/uploads\/2021\/01\/DSC_0211-scaled.jpg?resize=768%2C509&amp;ssl=1 768w, https:\/\/i0.wp.com\/schwarzer-adler-heiligenstadt.de\/wp-content\/uploads\/2021\/01\/DSC_0211-scaled.jpg?resize=1536%2C1017&amp;ssl=1 1536w, https:\/\/i0.wp.com\/schwarzer-adler-heiligenstadt.de\/wp-content\/uploads\/2021\/01\/DSC_0211-scaled.jpg?resize=2048%2C1356&amp;ssl=1 2048w\" sizes=\"auto, (max-width: 1000px) 100vw, 1000px\" \/><\/figure>\n\n\n\n<p class=\"has-text-color has-background\" style=\"color:#795706;background-color:#f6ea68\">&#8230;mehr zur Veto Bar finden Sie hier<\/p>\n\n\n\n<p>Zur Zeit ist die Vetobar geschlossen, wenn Sie wieder ge\u00f6ffnet wird lassen wir es Euch wissen !<\/p>\n\n\n\n<p class=\"has-text-color has-background\" style=\"color:#795706;background-color:#f6ea68\"><a href=\"http:\/\/veto-bar-heiligenstadt.de\" data-type=\"URL\" data-id=\"veto-bar-heiligenstadt.de\">veto-bar-heiligenstadt.de<\/a><\/p>\n","protected":false},"excerpt":{"rendered":"<p>Unsere Veto Bar , das Glanzst\u00fcck vom Schwarzen Adler. Eine Bar zum entspannen, geniessen, und vor allem ein Platz um einen sch\u00f6nen Abend zu verbringen. Thomas zeigt Ihnen eine Auswahl an hochrangigen Spirituosen sowohl eine wundervolle Welt der Cocktails. Er macht nicht nur die Getr\u00e4nke , sondern all sein Herzblut steckt in dieser Bar, wo [&hellip;]<\/p>\n","protected":false},"author":1,"featured_media":0,"parent":49,"menu_order":0,"comment_status":"closed","ping_status":"closed","template":"","meta":{"site-sidebar-layout":"default","site-content-layout":"default","ast-site-content-layout":"default","site-content-style":"default","site-sidebar-style":"default","ast-global-header-display":"","ast-banner-title-visibility":"","ast-main-header-display":"","ast-hfb-above-header-display":"","ast-hfb-below-header-display":"","ast-hfb-mobile-header-display":"","site-post-title":"","ast-breadcrumbs-content":"","ast-featured-img":"","footer-sml-layout":"","theme-transparent-header-meta":"default","adv-header-id-meta":"","stick-header-meta":"","header-above-stick-meta":"","header-main-stick-meta":"","header-below-stick-meta":"","astra-migrate-meta-layouts":"default","ast-page-background-enabled":"default","ast-page-background-meta":{"desktop":{"background-color":"","background-image":"","background-repeat":"repeat","background-position":"center center","background-size":"auto","background-attachment":"scroll","background-type":"","background-media":"","overlay-type":"","overlay-color":"","overlay-opacity":"","overlay-gradient":""},"tablet":{"background-color":"","background-image":"","background-repeat":"repeat","background-position":"center center","background-size":"auto","background-attachment":"scroll","background-type":"","background-media":"","overlay-type":"","overlay-color":"","overlay-opacity":"","overlay-gradient":""},"mobile":{"background-color":"","background-image":"","background-repeat":"repeat","background-position":"center center","background-size":"auto","background-attachment":"scroll","background-type":"","background-media":"","overlay-type":"","overlay-color":"","overlay-opacity":"","overlay-gradient":""}},"ast-content-background-meta":{"desktop":{"background-color":"var(--ast-global-color-5)","background-image":"","background-repeat":"repeat","background-position":"center center","background-size":"auto","background-attachment":"scroll","background-type":"","background-media":"","overlay-type":"","overlay-color":"","overlay-opacity":"","overlay-gradient":""},"tablet":{"background-color":"var(--ast-global-color-5)","background-image":"","background-repeat":"repeat","background-position":"center center","background-size":"auto","background-attachment":"scroll","background-type":"","background-media":"","overlay-type":"","overlay-color":"","overlay-opacity":"","overlay-gradient":""},"mobile":{"background-color":"var(--ast-global-color-5)","background-image":"","background-repeat":"repeat","background-position":"center center","background-size":"auto","background-attachment":"scroll","background-type":"","background-media":"","overlay-type":"","overlay-color":"","overlay-opacity":"","overlay-gradient":""}},"footnotes":""},"class_list":["post-31","page","type-page","status-publish","hentry"],"jetpack_sharing_enabled":true,"jetpack_likes_enabled":true,"_links":{"self":[{"href":"https:\/\/schwarzer-adler-heiligenstadt.de\/index.php?rest_route=\/wp\/v2\/pages\/31","targetHints":{"allow":["GET"]}}],"collection":[{"href":"https:\/\/schwarzer-adler-heiligenstadt.de\/index.php?rest_route=\/wp\/v2\/pages"}],"about":[{"href":"https:\/\/schwarzer-adler-heiligenstadt.de\/index.php?rest_route=\/wp\/v2\/types\/page"}],"author":[{"embeddable":true,"href":"https:\/\/schwarzer-adler-heiligenstadt.de\/index.php?rest_route=\/wp\/v2\/users\/1"}],"replies":[{"embeddable":true,"href":"https:\/\/schwarzer-adler-heiligenstadt.de\/index.php?rest_route=%2Fwp%2Fv2%2Fcomments&post=31"}],"version-history":[{"count":6,"href":"https:\/\/schwarzer-adler-heiligenstadt.de\/index.php?rest_route=\/wp\/v2\/pages\/31\/revisions"}],"predecessor-version":[{"id":466,"href":"https:\/\/schwarzer-adler-heiligenstadt.de\/index.php?rest_route=\/wp\/v2\/pages\/31\/revisions\/466"}],"up":[{"embeddable":true,"href":"https:\/\/schwarzer-adler-heiligenstadt.de\/index.php?rest_route=\/wp\/v2\/pages\/49"}],"wp:attachment":[{"href":"https:\/\/schwarzer-adler-heiligenstadt.de\/index.php?rest_route=%2Fwp%2Fv2%2Fmedia&parent=31"}],"curies":[{"name":"wp","href":"https:\/\/api.w.org\/{rel}","templated":true}]}}

<figure class="wp-block-image size-large"><img data-recalc-dims="1" loading="lazy" decoding="async" width="1000" height="288" src="https://i0.wp.com/schwarzer-adler-heiligenstadt.de/wp-content/uploads/2021/01/cropped-header.jpg?resize=1000%2C288&#038;ssl=1" alt="" class="wp-image-124" srcset="https://i0.wp.com/schwarzer-adler-heiligenstadt.de/wp-content/uploads/2021/01/cropped-header.jpg?w=1000&amp;ssl=1 1000w, https://i0.wp.com/schwarzer-adler-heiligenstadt.de/wp-content/uploads/2021/01/cropped-header.jpg?resize=300%2C86&amp;ssl=1 300w, https://i0.wp.com/schwarzer-adler-heiligenstadt.de/wp-content/uploads/2021/01/cropped-header.jpg?resize=768%2C221&amp;ssl=1 768w, https://i0.wp.com/schwarzer-adler-heiligenstadt.de/wp-content/uploads/2021/01/cropped-header.jpg?resize=500%2C144&amp;ssl=1 500w" sizes="auto, (max-width: 1000px) 100vw, 1000px" /></figure>



<p class="has-text-color has-background" style="color:#f6ea68;background-color:#795706">Unsere Veto Bar , das Glanzstück vom Schwarzen Adler.</p>



<p class="has-text-color has-background" style="color:#f6ea68;background-color:#795706">Eine Bar zum entspannen, geniessen, und vor allem ein Platz um einen schönen Abend zu verbringen.</p>



<p class="has-text-color has-background" style="color:#f6ea68;background-color:#795706">Thomas zeigt Ihnen eine Auswahl an hochrangigen Spirituosen sowohl eine wundervolle Welt der Cocktails. Er macht nicht nur die Getränke , sondern all sein Herzblut steckt in dieser Bar, wo er alles mit eigenen Händen gefertigt hat von den Wänden, den Bänken der Theke&#8230;</p>



<p class="has-text-color has-background" style="color:#f6ea68;background-color:#795706">Hier gibt es zwar kein Bier von Fass doch regionales Veto Bier aus der Flasche und viele kreative Kreationen von unserem Thomas.</p>



<p class="has-text-color has-background" style="color:#f6ea68;background-color:#795706">Wenn die Zeit wieder im Normalzustand ist, möchten wir nicht nur Freitag und Samstag den Barbetrieb am laufen haben, sondern auch für Sie verschiedene Tastings und Cocktailkurse anbieten.</p>



<figure class="wp-block-image size-large"><img data-recalc-dims="1" loading="lazy" decoding="async" width="1024" height="678" src="https://i0.wp.com/schwarzer-adler-heiligenstadt.de/wp-content/uploads/2021/01/DSC_0211.jpg?resize=1024%2C678&#038;ssl=1" alt="" class="wp-image-225" srcset="https://i0.wp.com/schwarzer-adler-heiligenstadt.de/wp-content/uploads/2021/01/DSC_0211-scaled.jpg?resize=1024%2C678&amp;ssl=1 1024w, https://i0.wp.com/schwarzer-adler-heiligenstadt.de/wp-content/uploads/2021/01/DSC_0211-scaled.jpg?resize=300%2C199&amp;ssl=1 300w, https://i0.wp.com/schwarzer-adler-heiligenstadt.de/wp-content/uploads/2021/01/DSC_0211-scaled.jpg?resize=768%2C509&amp;ssl=1 768w, https://i0.wp.com/schwarzer-adler-heiligenstadt.de/wp-content/uploads/2021/01/DSC_0211-scaled.jpg?resize=1536%2C1017&amp;ssl=1 1536w, https://i0.wp.com/schwarzer-adler-heiligenstadt.de/wp-content/uploads/2021/01/DSC_0211-scaled.jpg?resize=2048%2C1356&amp;ssl=1 2048w" sizes="auto, (max-width: 1000px) 100vw, 1000px" /></figure>



<p class="has-text-color has-background" style="color:#795706;background-color:#f6ea68">&#8230;mehr zur Veto Bar finden Sie hier</p>



<p>Zur Zeit ist die Vetobar geschlossen, wenn Sie wieder geöffnet wird lassen wir es Euch wissen !</p>



<p class="has-text-color has-background" style="color:#795706;background-color:#f6ea68"><a href="http://veto-bar-heiligenstadt.de" data-type="URL" data-id="veto-bar-heiligenstadt.de">veto-bar-heiligenstadt.de</a></p>

<p>Unsere Veto Bar , das Glanzstück vom Schwarzen Adler. Eine Bar zum entspannen, geniessen, und vor allem ein Platz um einen schönen Abend zu verbringen. Thomas zeigt Ihnen eine Auswahl an hochrangigen Spirituosen sowohl eine wundervolle Welt der Cocktails. Er macht nicht nur die Getränke , sondern all sein Herzblut steckt in dieser Bar, wo [&hellip;]</p>
