{"id":27,"date":"2021-01-19T15:35:18","date_gmt":"2021-01-19T15:35:18","guid":{"rendered":"http:\/\/2021.schwarzer-adler-heiligenstadt.de\/?page_id=27"},"modified":"2025-06-30T14:36:42","modified_gmt":"2025-06-30T14:36:42","slug":"unsere-philosophie","status":"publish","type":"page","link":"https:\/\/schwarzer-adler-heiligenstadt.de\/?page_id=27","title":{"rendered":"Unsere Philosophie"},"content":{"rendered":"\n<p class=\"has-text-color has-background\" style=\"color:#f6ea68;background-color:#795706\">Raus aus dem Alltag, rein in den Urlaub! Lassen Sie sich von uns verf\u00fchren&#8230;<\/p>\n\n\n\n<p class=\"has-text-color has-background\" style=\"color:#f6ea68;background-color:#795706\">Stets am Puls der Zeit bieten wir Ihnen eine mit Liebe und Herzblut eigerichtete Unterkunft, welche sich von Einfl\u00fcssen aus der ganzen Welt inspirieren l\u00e4sst.<\/p>\n\n\n\n<p class=\"has-text-color has-background\" style=\"color:#f6ea68;background-color:#795706\">Haben Sie bestimmte Vorstellungen? Wir setzen sie f\u00fcr Sie um, ob im privaten oder gesch\u00e4ftlichen Bereich. Sprechen Sie uns gerne an.<\/p>\n\n\n\n<p class=\"has-text-color has-background\" style=\"color:#f6ea68;background-color:#795706\">Ihre Verena G\u00f6bel-Simon<\/p>\n","protected":false},"excerpt":{"rendered":"<p>Raus aus dem Alltag, rein in den Urlaub! Lassen Sie sich von uns verf\u00fchren&#8230; Stets am Puls der Zeit bieten wir Ihnen eine mit Liebe und Herzblut eigerichtete Unterkunft, welche sich von Einfl\u00fcssen aus der ganzen Welt inspirieren l\u00e4sst. Haben Sie bestimmte Vorstellungen? Wir setzen sie f\u00fcr Sie um, ob im privaten oder gesch\u00e4ftlichen Bereich. [&hellip;]<\/p>\n","protected":false},"author":1,"featured_media":0,"parent":0,"menu_order":0,"comment_status":"closed","ping_status":"closed","template":"","meta":{"site-sidebar-layout":"default","site-content-layout":"default","ast-site-content-layout":"default","site-content-style":"default","site-sidebar-style":"default","ast-global-header-display":"","ast-banner-title-visibility":"","ast-main-header-display":"","ast-hfb-above-header-display":"","ast-hfb-below-header-display":"","ast-hfb-mobile-header-display":"","site-post-title":"","ast-breadcrumbs-content":"","ast-featured-img":"","footer-sml-layout":"","theme-transparent-header-meta":"default","adv-header-id-meta":"","stick-header-meta":"","header-above-stick-meta":"","header-main-stick-meta":"","header-below-stick-meta":"","astra-migrate-meta-layouts":"set","ast-page-background-enabled":"default","ast-page-background-meta":{"desktop":{"background-color":"","background-image":"","background-repeat":"repeat","background-position":"center center","background-size":"auto","background-attachment":"scroll","background-type":"","background-media":"","overlay-type":"","overlay-color":"","overlay-opacity":"","overlay-gradient":""},"tablet":{"background-color":"","background-image":"","background-repeat":"repeat","background-position":"center center","background-size":"auto","background-attachment":"scroll","background-type":"","background-media":"","overlay-type":"","overlay-color":"","overlay-opacity":"","overlay-gradient":""},"mobile":{"background-color":"","background-image":"","background-repeat":"repeat","background-position":"center center","background-size":"auto","background-attachment":"scroll","background-type":"","background-media":"","overlay-type":"","overlay-color":"","overlay-opacity":"","overlay-gradient":""}},"ast-content-background-meta":{"desktop":{"background-color":"var(--ast-global-color-5)","background-image":"","background-repeat":"repeat","background-position":"center center","background-size":"auto","background-attachment":"scroll","background-type":"","background-media":"","overlay-type":"","overlay-color":"","overlay-opacity":"","overlay-gradient":""},"tablet":{"background-color":"var(--ast-global-color-5)","background-image":"","background-repeat":"repeat","background-position":"center center","background-size":"auto","background-attachment":"scroll","background-type":"","background-media":"","overlay-type":"","overlay-color":"","overlay-opacity":"","overlay-gradient":""},"mobile":{"background-color":"var(--ast-global-color-5)","background-image":"","background-repeat":"repeat","background-position":"center center","background-size":"auto","background-attachment":"scroll","background-type":"","background-media":"","overlay-type":"","overlay-color":"","overlay-opacity":"","overlay-gradient":""}},"footnotes":""},"class_list":["post-27","page","type-page","status-publish","hentry"],"jetpack_sharing_enabled":true,"jetpack_likes_enabled":true,"_links":{"self":[{"href":"https:\/\/schwarzer-adler-heiligenstadt.de\/index.php?rest_route=\/wp\/v2\/pages\/27","targetHints":{"allow":["GET"]}}],"collection":[{"href":"https:\/\/schwarzer-adler-heiligenstadt.de\/index.php?rest_route=\/wp\/v2\/pages"}],"about":[{"href":"https:\/\/schwarzer-adler-heiligenstadt.de\/index.php?rest_route=\/wp\/v2\/types\/page"}],"author":[{"embeddable":true,"href":"https:\/\/schwarzer-adler-heiligenstadt.de\/index.php?rest_route=\/wp\/v2\/users\/1"}],"replies":[{"embeddable":true,"href":"https:\/\/schwarzer-adler-heiligenstadt.de\/index.php?rest_route=%2Fwp%2Fv2%2Fcomments&post=27"}],"version-history":[{"count":5,"href":"https:\/\/schwarzer-adler-heiligenstadt.de\/index.php?rest_route=\/wp\/v2\/pages\/27\/revisions"}],"predecessor-version":[{"id":497,"href":"https:\/\/schwarzer-adler-heiligenstadt.de\/index.php?rest_route=\/wp\/v2\/pages\/27\/revisions\/497"}],"wp:attachment":[{"href":"https:\/\/schwarzer-adler-heiligenstadt.de\/index.php?rest_route=%2Fwp%2Fv2%2Fmedia&parent=27"}],"curies":[{"name":"wp","href":"https:\/\/api.w.org\/{rel}","templated":true}]}}